74 + -1?
304673
In base 5, what is 104 - 110402?
-110243
In base 11, what is 39568 + -5?
39563
In base 9, what is -3014 + -243?
-3257
In base 3, what is 212011 + 10020?
222101
In base 9, what is 137 - -13?
151
In base 14, what is 3 - 1c3c1?
-1c3bc
In base 3, what is 121 + 20212000?
20212121
In base 5, what is -3312211 - -3?
-3312203
In base 15, what is a1 - -12?
b3
In base 5, what is 12 + 32334304?
32334321
In base 16, what is -e3c - 2?
-e3e
In base 16, what is 1c - -5a?
76
In base 8, what is 60 - 34137?
-34057
In base 13, what is cb9 - 48?
c71
In base 13, what is -11c - -152b?
140c
In base 16, what is -402c - -5?
-4027
In base 13, what is 20 + -12970?
-12950
In base 6, what is -13005 - 44?
-13053
In base 10, what is -65775 - -2?
-65773
In base 11, what is -58 + -124?
-181
In base 14, what is -4 + 5679?
5675
In base 5, what is -330 + 13021?
12141
In base 16, what is 1f1 + -15dd?
-13ec
In base 8, what is 1 - 210045?
-210044
In base 9, what is 20004 + -7?
18886
In base 11, what is a + -106a?
-1060
In base 13, what is 729 + 1c?
748
In base 10, what is -55 - 2182?
-2237
In base 11, what is -82 + -447?
-519
In base 4, what is 220323003 + -2?
220323001
In base 15, what is 0 + -13484?
-13484
In base 11, what is 20a + 46?
255
In base 9, what is 16763 - -6?
16770
In base 10, what is -768269 + 2?
-768267
In base 4, what is -12333123131 - -10?
-12333123121
In base 2, what is -110110 - 111010011001101?
-111010100000011
In base 7, what is 1153544 - 10?
1153534
In base 15, what is -4890 + -2e?
-48be
In base 8, what is -133 + 271?
136
In base 7, what is 1214530 + -2?
1214525
In base 7, what is 30143 + -141?
30002
In base 11, what is 1831a - -11?
18330
In base 2, what is 0 - 101011101011111100?
-101011101011111100
In base 8, what is -474 - 3037?
-3533
In base 6, what is -11242 - 12?
-11254
In base 7, what is 2050513 + -1?
2050512
In base 15, what is e552 - 5?
e54c
In base 5, what is -3004004 - 30?
-3004034
In base 10, what is -3 - -301137?
301134
In base 8, what is 5225 - 31?
5174
In base 2, what is 1000 - 101100111011010?
-101100111010010
In base 15, what is -1 - -60653?
60652
In base 4, what is 13012112023 + 0?
13012112023
In base 4, what is 311 + -11130?
-10213
In base 12, what is -b + -1ba?
-209
In base 16, what is 1370 + 7?
1377
In base 9, what is 17166 - -10?
17176
In base 12, what is -1 + -1a3a6?
-1a3a7
In base 15, what is 2 + 57ab?
57ad
In base 7, what is 2462 + 1160?
3652
In base 9, what is -3 - -6228?
6225
In base 11, what is a4 + -2215?
-2121
In base 7, what is 4301 + -1335?
2633
In base 8, what is 3 - -5130021?
5130024
In base 15, what is 89bd5 - 5?
89bd0
In base 10, what is 2 + 4840?
4842
In base 5, what is 0 - -134220310?
134220310
In base 9, what is -60785 + 0?
-60785
In base 12, what is 955 + -88a?
87
In base 10, what is 8 - 117824?
-117816
In base 3, what is -21002 - 100012?
-121021
In base 7, what is 1610512 - 0?
1610512
In base 10, what is 925 - 24?
901
In base 7, what is -402501 + 6?
-402462
In base 12, what is -8b - 2042?
-2111
In base 2, what is -1011000110001001110 + -1?
-1011000110001001111
In base 10, what is 950 + 12?
962
In base 5, what is 4 + 320333?
320342
In base 9, what is -1461 + 658?
-702
In base 8, what is 4 - 735450?
-735444
In base 11, what is -2880a7 - 2?
-2880a9
In base 3, what is -201010 + -11111212?
-12012222
In base 8, what is 474071 - 23?
474046
In base 3, what is -110200211 - 11?
-110200222
In base 11, what is -15051 + 28?
-15024
In base 10, what is 258 + -21?
237
In base 5, what is -323431 + -424?
-324410
In base 9, what is -21140 - 64?
-21214
In base 15, what is -e2 - -6da?
5e8
In base 11, what is 282aa2 - 3?
282a9a
In base 10, what is 56161 + 5?
56166
In base 15, what is 2 - -7580?
7582
In base 8, what is -3045 + -114?
-3161
In base 14, what is 13351 + 5?
13356
In base 14, what is c082 - 2?
c080
In base 4, what is 2 + 11021322?
11021330
In base 3, what is 2122111 + -10?
2122101
In base 4, what is 1030213233 - -3?
1030213302
In base 8, what is -2 + 2023?
2021
In base 10, what is -12 - 276988?
-277000
In base 2, what is 110 - 1110111010001?
-1110111001011
In base 14, what is 3812b + -4?
38127
In base 10, what is 125 + 8564?
8689
In base 11, what is -2 - 101944?
-101946
In base 6, what is -1 + 240454?
240453
In base 16, what is 1c - -16e7?
1703
In base 13, what is -5a - 9103?
-9160
In base 5, what is -1 - -143210322?
143210321
In base 15, what is 53bba5 - -2?
53bba7
In base 6, what is -5 + 31110?
31101
In base 2, what is -11011 + 1100100111?
1100001100
In base 15, what is -4ee - -1146?
b47
In base 5, what is -1 - -434202?
434201
In base 16, what is -5 - -16e27?
16e22
In base 11, what is -568197 - 3?
-56819a
In base 4, what is -122 + 1003013?
1002231
In base 16, what is 3154 + 44?
3198
In base 4, what is 32101 - 13211?
12230
In base 9, what is 3 - -5023?
5026
In base 10, what is -26 - -156?
130
In base 15, what is 0 + 1d12d?
1d12d
In base 9, what is 4725474 - -5?
4725480
In base 5, what is -113 + 1001140?
1001022
In base 4, what is 21320 - -2032?
30012
In base 6, what is 121 + 1344?
1505
In base 12, what is 14 + 412?
426
In base 5, what is -30 + -3242231?
-3242311
In base 8, what is 0 - 203753?
-203753
In base 2, what is -111111000111000100 + -100?
-111111000111001000
In base 3, what is -2210 - -1210211?
1201001
In base 3, what is -11 + -2201012021021?
-2201012021102
In base 2, what is 11101110110100011000101 + 101?
11101110110100011001010
In base 15, what is aa34 + 5?
aa39
In base 9, what is -3 + -2628?
-2632
In base 9, what is 686 - -263?
1060
In base 14, what is -4 - 34c5?
-34c9
In base 3, what is -100 - -12212122?
12212022
In base 7, what is 355 + 1021?
1406
In base 13, what is -5 - c70?
-c75
In base 13, what is 2b4 - -a2?
386
In base 7, what is 221 + -1151?
-630
In base 9, what is 10205 + -141?
10054
In base 15, what is -14e - -1217?
10b8
In base 11, what is 35738 - 6?
35732
In base 11, what is -21 + 451?
430
In base 9, what is 178 - 1341?
-1152
In base 10, what is 2 - -14049?
14051
In base 2, what is 100101 + 101000110111101?
101000111100010
In base 14, what is -18319 + -2?
-1831b
In base 9, what is -8163 - 1737?
-11011
In base 11, what is -2176 + -130?
-22a6
In base 6, what is 1 - -32114?
32115
In base 10, what is -8285 - 147?
-8432
In base 12, what is -5 - 167ab?
-167b4
In base 6, what is 52 - -1221252?
1221344
In base 6, what is -1102413423 - 4?
-1102413431
In base 3, what is -22022202 - 10101?
-22110010
In base 15, what is 3 + -2eb0?
-2eac
In base 8, what is 234221 + 4?
234225
In base 10, what is 2040 - 1384?
656
In base 4, what is 123010221 - 11?
123010210
In base 4, what is -132200 + 1333?
-130201
In base 16, what is -5 + 108170?
10816b
In base 10, what is 35 + -9053?
-9018
In base 3, what is -12001 - 10211000?
-11000001
In base 10, what is -317633 + 2?
-317631
In base 13, what is -1c88 - 1?
-1c89
In base 11, what is a43 - 830?
213
In base 12, what is -5a0 - -9b6?
416
In base 10, what is 7532 - 34?
7498
In base 7, what is 302 + -63134?
-62532
In base 11, what is 270 - 2316?
-2056
In base 7, what is -5504465 - 3?
-5504501
In base 15, what is 2 - -6278d?
62790
In base 2, what is -1111001 + -1110001101?
-10000000110
In base 6, what is 1132103 - -4?
1132111
In base 6, what is 3 - 5513250?
-5513243
In base 3, what is -2 + 2021222021?
2021222012
In base 9, what is 6737 - -3?
6741
In base 6, what is 3 - 121210?
-121203
In base 16, what is -1970 - 153?
-1ac3
In base 10, what is -6524 - 3?
-6527
In base 15, what is 1 - 13618?
-13617
In base 15, what is -58e3a - -2?
-58e38
In base 8, what is 2 + -23353?
-23351
In base 13, what is -7 - 835?
-83c
In base 16, what is 658 + -4?
654
In base 7, what is 605 + 16?
624
In base 2, what is -100101110 + 1111010?
-10110100
In base 12, what is -68 - -10?
-58
In base 9, what is 10213 - 141?
10062
In base 12, what is -1aa08 - -14?
-1a9b4
In base 10, what is -587 + -10?
-597
In base 3, what is 2000120102 + 10?
2000120112
In base 13, what is -67b9b + -4?
-67ba2
In base 3, what is -12000 - 12200201?
-12212201
In base 7, what is 5432 - -11?
5443
In base 2, what is 11000001101 - 100000?
10111101101
In base 6, what is -14552 + 1112?
-13440
In base 9, what is -26083 - -24?
-26058
In base 5, what is 114 + 1040442?
1041111
In base 3, what is 0 - 201122221?
-201122221
In base 9, what is